4 and t.
12
Suppose 0 = 3*h - 6*h + 45. Suppose 0*r = 2*y - r - 5, y + 3*r = -h. Let i = 4 + y. Calculate the highest common factor of 4 and i.
4
Let h(g) = g**3 + g**2 - g - 2. Let o be h(0). Let v be o + -2 + 14 - 2. Let p be 8/1*(-1 + 9). What is the highest common divisor of v and p?
8
Let i = -1 - -31. Let t = -12 + i. Let g = -16 + 22. Calculate the highest common divisor of g and t.
6
Let b = 169 - 109. What is the greatest common divisor of 48 and b?
12
Let f be ((-45)/12)/(2/(-8)). Calculate the highest common divisor of f and 5.
5
Suppose 0 = -4*j - 405 - 751. Let c = -145 - j. Calculate the highest common factor of c and 18.
18
Suppose -p + 2*p = 0. Suppose p = 3*x - 2*v + 10, 6*v = -x + v + 25. Let b be 1 + 5 - (x - 0). What is the greatest common factor of 2 and b?
2
Let s be 17 - 0/(-1 - -2). Calculate the highest common factor of s and 34.
17
Let o be (508/28 - -2) + 4/(-28). Let m = 1 - 2. Let l be (2/(-4))/(m/16). Calculate the greatest common divisor of l and o.
4
Let g(d) = -d**2 - 3*d - 3. Let p be g(-3). Let h(o) = -10*o + 3. Let k be h(p). What is the greatest common factor of 11 and k?
11
Suppose -3*k = -2*k - 4. Suppose z = k + 2. Let n be 3 + -1 + 2 + -2. What is the greatest common factor of n and z?
2
Suppose 3*k = 3*g - g + 2633, 3*k - 2668 = -5*g. Suppose -2*c = -117 - k. Suppose 4*d + 147 = c. What is the greatest common divisor of d and 11?
11
Let a(l) = -5*l - 4. Let u be a(-3). Let k = 15 - u. Suppose -4*g + 31 + 9 = 0. What is the greatest common factor of g and k?
2
Suppose -s + 47 - 32 = 0. Calculate the highest common divisor of s and 5.
5
Suppose h - 20 = -3*p - 4, -5*h + 5*p = 0. Suppose -c - c = 8, 5*v - h*c = 106. Calculate the greatest common factor of 126 and v.
18
Let q(c) = 2*c**2 - c + 1. Let p be q(1). Let k be 2 + 1 + p + 2. Suppose -2*l + 5 = -k. Calculate the highest common divisor of 9 and l.
3
Let j(q) be the first derivative of q**4/4 - q**3/3 + q**2 + 1. Let y be j(3). What is the greatest common factor of y and 8?
8
Let g = -36 - -76. Let m = 74 - g. Calculate the highest common divisor of m and 340.
34
Let o(m) = 7*m**3 + 6*m**2 + 2*m - 4. Let w be o(-4). Let y be w/(-20) + 1/(-5). Let q = y + 36. Calculate the greatest common divisor of q and 6.
6
Let f = -30 + 64. What is the highest common divisor of f and 170?
34
Let m be 1/2 + (-195)/(-30). Let a(n) = n**2 + n + 5. Let l be a(-6). Calculate the highest common factor of l and m.
7
Suppose 0 = -462*a + 460*a + 16. Calculate the highest common divisor of 12 and a.
4
Let x be 5 - ((-3 - 0) + 0). Let w = x - 0. Let k = 4 + w. Calculate the greatest common divisor of 12 and k.
12
Let f be (-3)/(18/(-4))*18. Calculate the greatest common divisor of f and 8.
4
Let n be 0*4/12 - -11. Let t(d) = d + 9. Let j be t(n). Calculate the highest common factor of 4 and j.
4
Let a = -25 + 42. What is the greatest common factor of a and 153?
17
Suppose -3*x + 0*x + 72 = 5*q, -15 = 5*q. What is the greatest common factor of 116 and x?
29
Suppose -307 = -5*w + 8. Let i = w + -40. What is the greatest common factor of 23 and i?
23
Suppose 4*v - 377 - 503 = 0. What is the greatest common divisor of v and 20?
20
Let o(i) = -8*i - 16*i - 9*i + 3 - 6*i. Let d be o(-3). Calculate the highest common factor of 20 and d.
20
Let g = -20 + 27. What is the greatest common divisor of g and 1?
1
Let w be 0/3 - -1 - 89/(-1). What is the highest common divisor of 60 and w?
30
Suppose -k + 64 = -6. Calculate the highest common divisor of 20 and k.
10
Suppose 5*k = 242 + 308. Let z be (1/(5/2))/(6/150). What is the highest common factor of z and k?
10
Let x = -121 - -173. Let j be 2 + 12 + (-1 - 0). Calculate the greatest common factor of x and j.
13
Suppose m + 4*w - 19 = -0*m, -m + 2*w = 5. Suppose 40 + 29 = m*u. What is the greatest common divisor of u and 69?
23
Let y be -21*((-24)/(-9) - 2). Let x = y + 58. What is the greatest common factor of x and 22?
22
Let s = -4 + 5. Suppose 3*r + 4 = 4*x - 19, 0 = 4*x - 4*r - 24. Calculate the highest common divisor of s and x.
1
Suppose -2*t - 5*d = -0*d - 4, 3*t = 4*d + 6. Suppose -t*v - 14 = -34. Suppose 0*n = 2*n - v. Calculate the greatest common divisor of n and 5.
5
Let h = -5 + 7. Let w be 18/3*2/4. Calculate the highest common factor of w and h.
1
Suppose -10 = 2*z, 3*c + 2*z - 31 - 49 = 0. Suppose 5*b = -t + 220, 2*b - 105 = -2*t + 5*t. What is the highest common divisor of c and b?
15
Suppose -3*p + 6*p + 25 = 4*r, 2*p = 10. Let t = 12 - 6. Suppose -4*q - 5*o = 17, o + 1 - t = -5*q. Calculate the greatest common factor of q and r.
2
Let m be (-1)/(2*(-4)/(-248)). Let i = 52 + m. Calculate the highest common factor of 21 and i.
21
Let y = 87 - 49. Suppose 3*a = 2*q + y, 4*a + q + 8 - 44 = 0. What is the highest common factor of 80 and a?
10
Let v be 4/2*3/2. Suppose -3*w = 5*k - 87, -w + 7 = k - v*w. What is the greatest common factor of 120 and k?
15
Let a = 6 - -3. Suppose 4*g - 8 + 4 = 0. What is the highest common factor of g and a?
1
Let u(m) = 2*m**2 + 6*m. Let d be u(-4). Calculate the greatest common divisor of d and 32.
8
Let m be 605/9 + (-6)/27. Let f = m - 22. What is the greatest common divisor of f and 18?
9
Suppose -18 = 2*n + 4*q, q + 1 - 4 = 2*n. Let d(p) = -p**3 + 3*p - 4. Let x be d(n). What is the highest common factor of x and 154?
14
Let z be (2/(-6))/((-3)/45). Calculate the highest common factor of 25 and z.
5
Let m(t) = -11*t - 3. Let a be m(-5). Let n = -1 - -3. Let b be -1 + -14*(-2)/n. Calculate the greatest common divisor of b and a.
13
Let k(r) = r**3 - 8*r**2 + 8*r + 6. Let c be k(7). What is the highest common divisor of c and 26?
13
Let g be 0 - (-1)/(2/152). Let t be 2/(-5) + 76/(-10). Let q be (t/(-12))/((-4)/(-114)). What is the highest common factor of q and g?
19
Let x be (-1)/(-1 - 44/(-46)). Calculate the highest common factor of x and 207.
23
Let c be (8/(-10))/(1/(-5)). Let l be ((-16)/12)/(8/(-12)). Calculate the highest common factor of l and c.
2
Suppose -5*x = 24 + 1. Let d be (-3 - x)/(2/(-8)). Let t = 53 + d. What is the greatest common divisor of t and 5?
5
Let d(g) = -10*g - 23. Let f be d(-10). What is the highest common divisor of 11 and f?
11
Suppose 3*s + 0 - 33 = 0. Let q = 462 + -286. Let j be -1*(q/1)/(-2). What is the highest common factor of s and j?
11
Let r(p) = -p**3 + 4*p**2 + 6*p + 1. Let n be r(-4). Suppose -n = 2*f - 7*f. Let g be (f - 3)*(-2)/(-3). What is the highest common factor of 3 and g?
3
Suppose -3*v + 50 = -4*u, -4*v - 3*u + 22 = -3. Let o = 11 - v. Calculate the greatest common divisor of 1 and o.
1
Let j be 550/(-33)*12/10. Let r = j - -65. Calculate the greatest common divisor of r and 9.
9
Let g be 1/(4 + 5588/(-1396)). Let d = 533 + g. Calculate the greatest common divisor of d and 23.
23
Let k be (-18)/(-8)*(3 - -1). Let w = -344 + 407. Calculate the highest common factor of k and w.
9
Suppose -r + 5*d + 2 = 0, 5*r - 2*r - 40 = -2*d. What is the greatest common factor of r and 4?
4
Let r(k) = -k**2 - 3. Let z(v) = -v. Let f(a) = r(a) + 2*z(a). Let q be f(-5). Let s be (-2 - -1)/(2/q). What is the greatest common factor of s and 27?
9
Let h = 40 - 19. Calculate the highest common factor of 7 and h.
7
Let b be 1 + 27 + 0 + 2. Let u(g) be the third derivative of g**4/8 - g**3/6 + 2*g**2. Let y be u(2). What is the highest common factor of y and b?
5
Suppose 3*u - 5*u + k = -291, -429 = -3*u - k. What is the highest common divisor of u and 36?
36
Let q(n) = n**2 + 5*n + 2. Let g be q(-3). Let y be g*(3 + 11/(-2)). What is the highest common factor of 70 and y?
10
Let l be ((-12)/16)/((-2)/72). Let h be 2/3 + 387/l. What is the highest common divisor of 120 and h?
15
Suppose 2*t + 0*a - a - 24 = 0, 34 = 5*t + 4*a. Suppose -3*l = -2*x + 57, 93 = 6*x - 3*x + 3*l. Calculate the greatest common factor of t and x.
10
Let r = 3 + 9. Let m = r + 0. Calculate the highest common factor of 60 and m.
12
Let d(y) = -82*y - 2. Let u be d(-4). Let o = -218 + u. What is the highest common factor of o and 12?
12
Let s(n) = 2*n**2 + 5*n - 17. Let u be s(-6). What is the highest common factor of 5 and u?
5
Let y = 1886 + -1294. Let d be 2/4 + y/32. Calculate the greatest common divisor of d and 152.
19
Let c(n) = -3*n + 7. Let u be c(-6). Suppose -x + u =